 Let q be 5 + -2 + (-2)/m. Suppose -k + 4*v + 281 = 0, -q*v + 1030 = 3*k + 145. Is k a composite number?
False
Suppose -c + 4*m = 1908, -2*m = -c - 1780 - 134. Let s = c + 2827. Is s a prime number?
True
Suppose 4*q = -3*h + 8 + 2, -5*q = -20. Is 77121/165 - h/(-5) prime?
True
Suppose 5063*i + 160026 = 5069*i. Is i a composite number?
True
Suppose 0 = -31532*h + 31522*h + 805310. Is h a prime number?
False
Suppose -5*m + 12 = -m. Let z be m/(12/(-36) + (-94)/(-264)). Let p = z + -53. Is p a prime number?
True
Let v be 16/(-3)*(-198)/(-44). Let g be (v/20)/(18/(-72840)). Let f = g + -2703. Is f a composite number?
False
Suppose -9*a = -3*a - 78486. Is 1/(16/12 - a/9813) a prime number?
True
Suppose 13*a - 15*a + 1279845 = -f, -f + 639918 = a. Is a composite?
True
Let s = 54549 + -34078. Is s a prime number?
False
Let w(q) = -1103*q - 9. Let j(u) = u**3 - 8*u**2 + u - 5. Let h be j(8). Let n be w(h). Let c = n + 4679. Is c a composite number?
False
Let a = 34 + -23. Let q = -1 - a. Is (4 - 230/q)*6 a prime number?
True
Let f = 11 - 10. Suppose 2*w - 11*s + 14*s + 1 = 0, -4*w = 3*s - f. Is 191*((-5)/(-10) + w/2) composite?
False
Suppose -5*s - 8 = -3*s, 0 = 4*a - 3*s + 8. Suppose 1521 = l - u - 5054, 3 = -u. Is (l/12)/(a/(-15)) a prime number?
False
Let i(r) = r**3 - 27*r**2 - 42*r + 73. Is i(33) prime?
False
Let m = -65 - -55. Let l be (m/15*12)/(4/6). Is 72612/l*(-1)/3 prime?
True
Suppose -86914 = -33*x - 2799547. Is (x/(-35))/((-2)/(-10)) composite?
False
Let a(i) = -55*i + 138. Let n be a(-37). Suppose 115*c - 3*k = 119*c - n, 2167 = 4*c + k. Is c a prime number?
True
Let a = 5216 - 1347. Let i = 1478 + a. Is i a composite number?
False
Is (2 + (-182)/4)*(-97604)/78 a prime number?
False
Let u(h) = -17*h + 3*h + 1 + h. Let f be u(-10). Let x = f + -92. Is x a composite number?
True
Suppose 0 = 3*n - 5*t - 1703071, -3*n + 8*t = 10*t - 1703015. Is n a composite number?
True
Let s(p) = -p**2 + 2*p - 4. Let a be s(0). Let g be 31/7 - a*4/28. Suppose 0 = 3*j - 2*v + 3*v - 450, 4*j + g*v - 611 = 0. Is j prime?
True
Suppose -13*z + 2725 = -8*z. Suppose -z + 7350 = 5*h. Is h a composite number?
False
Let h = 352810 - 219311. Is h a composite number?
False
Suppose -g - t = -95395, 811*g - 815*g + 381586 = t. Is g composite?
True
Suppose -2*o + 738931 = 9*y, 2*o - y - 312543 = 426338. Is o a prime number?
False
Let h(j) = 3*j - 35. Let x(r) = -50*r + 595. Let n(k) = 35*h(k) + 2*x(k). Let w be n(10). Let d(y) = 31*y + 34. Is d(w) a composite number?
False
Let i = 19909 - 5132. Is i composite?
True
Suppose -4*u = 2*j - 12, 2*u - 8*j + 4*j = 26. Suppose 87241 - 18391 = u*b. Suppose -2950 = 4*a - b. Is a composite?
True
Let g(z) = 2*z**2 - 4 + 4*z + 0*z**2 - 10 + 1992*z**3 + 9. Is g(1) a prime number?
True
Let n(d) = 4*d - 56*d**2 + 18 - 12*d**3 - 2*d - 2*d**3 + 48*d**2 - 60*d**2. Is n(-8) composite?
True
Let j be 6448/(-3) + 8/24. Let s = j + 4098. Is s prime?
True
Suppose -3*l = 4*y + 903, y - 91 + 312 = 4*l. Let s(a) = 7*a**2 - 6*a - 1. Let r be s(9). Let o = y + r. Is o a prime number?
False
Is (1189/(-3))/(-1*(-23)/(-69)) a prime number?
False
Suppose -2*r - l = -13765, 4*r + 15*l = 18*l + 27515. Is r a prime number?
False
Let q(a) = -2*a**3 + 59*a**2 + 237*a + 47. Is q(-29) composite?
False
Let x = 18420 - -92203. Is x a prime number?
True
Let o = -479 - -34. Let i = o - -1844. Is i a prime number?
True
Let s(r) = 7*r + 6*r + 19 + 57*r**2 - 7 + 9. Is s(-2) a prime number?
True
Let a be (-8)/(-10) - 348894/(-195). Suppose -c - c + 4*k + a = 0, -c + 892 = -k. Is c prime?
False
Let z(k) = -9*k**3 - 18*k**2 + 349*k + 15. Is z(-21) a prime number?
False
Let s = -59 + 35. Is (1139/(-4))/(6/s*1) a prime number?
False
Let o = -307 - -936. Let r = o - 7. Let i = r + 95. Is i composite?
True
Let a(g) = -21*g**2 + 4*g + 6. Let h be a(6). Let b(j) = 2*j**2 + 15*j - 56. Let o be b(-10). Is (4/o)/(4/h) composite?
True
Let j(g) = 76*g**2 + 2*g - 2. Let q be 36/(-63)*(-42)/(-12). Is j(q) a prime number?
False
Suppose -2*b = -4*c - 20210, 2*c = 123 - 117. Is b prime?
True
Let r be ((-966)/(-276))/(2/(-4)). Let i(n) = 2*n**3 + 6*n**2 + 13*n - 4. Let c(w) = -3*w**3 - 7*w**2 - 12*w + 5. Let b(v) = 4*c(v) + 3*i(v). Is b(r) composite?
True
Let g be -3*8/(120/25). Is (-5469)/(-7) + -2*g/(-35) prime?
False
Let j(a) = a**2 + 9*a + 9. Let t = -63 - -54. Let l be j(t). Suppose -9780 = -3*k - l*k. Is k a composite number?
True
Suppose 55 = 6*s + 13. Let y(g) = g**3 - 6*g**2 - 5*g - 17. Let w be y(s). Is (-2 + 1 + -10)*w a composite number?
True
Is (54251*-1)/(-27 + 36 + (-9 - 1)) a composite number?
False
Let i = 503 - -1159. Is (i/8 + 2)/((-7)/(-28)) prime?
True
Let i(d) = -d**2 + 5*d - 6. Let a be i(3). Is ((-1)/(-2))/(a - (-1)/3790) composite?
True
Let t(z) = -z**2 + 14*z - 13. Let b be t(12). Suppose 0 = -0*q + 2*q - 3508. Suppose q = -b*f + 13*f. Is f prime?
True
Suppose 2*i + 5 = 3*j, 13*j - 25 = -4*i + 12*j. Suppose 4*k + 408 - 12203 = -i*v, 4*v - 4*k = 9436. Is v a composite number?
True
Let m(z) be the second derivative of 343*z**5/10 + z**3/3 + z**2/2 + 65*z. Is m(2) a prime number?
False
Let b(m) = -48645*m - 886. Is b(-7) a prime number?
False
Let f(d) = 21*d**3 - d**2 - 3. Let s be f(5). Suppose -5*i + 35 = 2*w, -4*i + 3*w = -w - 28. Suppose -i*p + 2849 = -s. Is p a prime number?
False
Is (-11 + (-13)/(-117)*-2112393)*(-9)/12 composite?
False
Suppose -11*i = -4*i - 0*i. Let j = 3 + -1. Suppose -570 = -j*b - s + 21, 2*b - s - 581 = i. Is b prime?
True
Is -151 + 164 - (1 + -8695) a prime number?
True
Suppose -2*o + 15*o = 63921. Suppose 4*u - o = -5*y, -u = y + 4*y - 1248. Is u prime?
True
Suppose 0 = 26*z - 89 - 41. Suppose -4*y + z*h = -9773, 2*y - 9728 = -2*y - 4*h. Is y a prime number?
True
Suppose 6 = h + h. Suppose -121 - 89 = -42*n. Suppose h*i - n*q - 132 = 0, 34 = i - q - 8. Is i composite?
True
Let x(h) be the first derivative of -33*h**2 - 71*h - 147. Is x(-27) a composite number?
True
Let k be -79*(-5 - (5 + 97 - 4)). Let u = k + 150. Is u prime?
True
Suppose -84*p = -93*p + 83151. Let n = 18760 - p. Is n composite?
False
Suppose -5*w + 2*x = -304986, -3*w + 3*x - 4*x = -182985. Suppose -27771 - w = -9*k. Is k a composite number?
True
Let d(n) = n**3 - 2*n**2 - 13*n - 6. Let k be d(5). Suppose 0 = -5*c + 2*b + 3089, k*c + 0*b = -2*b + 2482. Is c composite?
False
Suppose 0 = k + 6*r - 7*r - 3, k - 5*r = 3. Suppose 5055 = 3*p + k*u, 4*p + 5*u - 6746 = 4*u. Is p composite?
True
Suppose 56*l + 11574013 = 43923365. Is l a prime number?
True
Let y = -11363 + 15730. Is y a composite number?
True
Let s be 4518/(-189) - (-8)/(-84). Is ((-1799)/3)/(s/72) a composite number?
True
Let z(t) = 17567*t + 21. Let m be z(1). Suppose -7*v + m + 17 = 0. Is v a prime number?
False
Let v = 54 + -45. Suppose -7 = -4*p + v. Suppose -p*b - 328 = -1596. Is b composite?
False
Suppose 81*y - 85*y = -12. Suppose 0 = 3*p + y, 5*p + 17559 = 5*a - 46796. Suppose -7*n + 21493 + a = 0. Is n a composite number?
False
Suppose -2*m + 665600 = 24*m. Let w = m + -9393. Is w a composite number?
True
Let v = -1570 + 6249. Suppose 179*y - 178*y - v = 0. Is y a composite number?
False
Let c(t) = -t**2 - 5*t - 5. Let r be (4/10)/(27/30 - 1). Let w be c(r). Is w/(1/(-327)*3) composite?
False
Let i = -337962 - -480383. Is i prime?
True
Let c = -149851 - -494430. Is c prime?
False
Let g(o) = o**2 + 5*o + 1. Let k be g(-5). Let r be 3/(-9)*k + 13657/21. Let d = r + -165. Is d a composite number?
True
Suppose -5 = 2*t - t. Let v be -1*101*(8/2 + t). Is v/(-303) - (0 + 30200/(-6)) a composite number?
True
Suppose 41*h = 47*h - 12. Suppose -4*z - 6496 = -0*z + h*p, 3*p - 6 = 0. Let t = -772 - z. Is t a composite number?
False
Let s = -1223 - -235. Let j = 448 + s. Let z = 1499 + j. Is z prime?
False
Let z = -194 - -197. Suppose 8*t - 2*b = z*t + 207857, 0 = -t - 3*b + 41585. Is t prime?
False
Let q = 328854 + -225853. Is q prime?
True
Suppose 0 = -2*k + 81 - 75. Suppose -k*s = -3*c - 2177 - 2119, c = 5*s - 7152. Let o = -849 + s. Is o a prime number?
False
Let m = 18 - 8. Let g(v) be the second derivative of 10*v**3 + 31*v**2/2 + 23*v - 1. Is g(m) a prime number?
True
Let p be 175/28 - 7 - (-25347)/(-12). Let n = 7486 - p. Is n prime?
False
Suppose 0*y + 80 = 8*y. Let x be (y - 7)/(-3)*(-2)/1. Suppo